{"id":19,"date":"2025-02-18T07:54:41","date_gmt":"2025-02-18T07:54:41","guid":{"rendered":"https:\/\/neu.lehre.bertsch.at\/?page_id=19"},"modified":"2025-09-16T14:08:59","modified_gmt":"2025-09-16T14:08:59","slug":"contact","status":"publish","type":"page","link":"https:\/\/neu.lehre.bertsch.at\/?page_id=19","title":{"rendered":"Kontakt"},"content":{"rendered":"\n<div class=\"wp-block-cover alignfull\" style=\"padding-right:0;padding-left:0;min-height:300px;aspect-ratio:unset;\"><span aria-hidden=\"true\" class=\"wp-block-cover__background has-nv-site-bg-background-color has-background-dim-100 has-background-dim\"><\/span><div class=\"wp-block-cover__inner-container is-layout-flow wp-block-cover-is-layout-flow\">\n<div class=\"wp-block-group\" style=\"padding-right:var(--wp--preset--spacing--30);padding-left:var(--wp--preset--spacing--30)\"><div class=\"wp-block-group__inner-container is-layout-flow wp-block-group-is-layout-flow\">\n<h1 class=\"wp-block-heading has-text-align-left has-neve-text-color-color has-text-color\"><mark style=\"background-color:rgba(0, 0, 0, 0)\" class=\"has-inline-color has-nv-dark-bg-color\">Wir freuen uns,<br>dich kennenzulernen!<\/mark><\/h1>\n<\/div><\/div>\n<\/div><\/div>\n\n\n\n<div class=\"wp-block-cover alignfull wp-duotone-magenta-yellow\" style=\"min-height:420px;aspect-ratio:unset;\"><span aria-hidden=\"true\" class=\"wp-block-cover__background has-nv-light-bg-background-color has-background-dim-100 has-background-dim\"><\/span><div class=\"wp-block-cover__inner-container is-layout-flow wp-block-cover-is-layout-flow\">\n<div style=\"height:80px\" aria-hidden=\"true\" class=\"wp-block-spacer\"><\/div>\n\n\n\n<div class=\"wp-block-columns is-layout-flex wp-container-core-columns-is-layout-9d6595d7 wp-block-columns-is-layout-flex\">\n<div class=\"wp-block-column ticss-4ce656f1 is-layout-flow wp-block-column-is-layout-flow\" style=\"padding-right:var(--wp--preset--spacing--30);padding-left:var(--wp--preset--spacing--30)\">\n<div class=\"wp-block-group has-nv-site-bg-background-color has-background\" style=\"border-radius:24px\"><div class=\"wp-block-group__inner-container is-layout-flow wp-block-group-is-layout-flow\">\n<div style=\"height:24px\" aria-hidden=\"true\" class=\"wp-block-spacer\"><\/div>\n\n\n<div class=\"wp-block-image icon-style is-style-default wp-duotone-magenta-yellow\">\n<figure class=\"aligncenter size-full\"><img decoding=\"async\" src=\"https:\/\/neu.lehre.bertsch.at\/wp-content\/themes\/neve\/assets\/img\/starter-content\/neve-marketing-icon-7.png\" alt=\"\"\/><\/figure>\n<\/div>\n\n\n<div style=\"height:24px\" aria-hidden=\"true\" class=\"wp-block-spacer\"><\/div>\n\n\n\n<h3 class=\"wp-block-heading has-text-align-center has-neve-text-color-color has-text-color\">Telefon<\/h3>\n\n\n\n<p class=\"has-text-align-center has-neve-text-color-color has-text-color\" style=\"font-size:15px\">Wir h\u00f6ren uns gleich unter<br>+43 5552 61350<\/p>\n\n\n\n<div style=\"height:24px\" aria-hidden=\"true\" class=\"wp-block-spacer\"><\/div>\n<\/div><\/div>\n<\/div>\n\n\n\n<div class=\"wp-block-column ticss-f6fc7494 is-layout-flow wp-block-column-is-layout-flow\" style=\"padding-right:var(--wp--preset--spacing--30);padding-left:var(--wp--preset--spacing--30)\">\n<div class=\"wp-block-group has-nv-site-bg-background-color has-background\" style=\"border-radius:24px\"><div class=\"wp-block-group__inner-container is-layout-flow wp-block-group-is-layout-flow\">\n<div style=\"height:24px\" aria-hidden=\"true\" class=\"wp-block-spacer\"><\/div>\n\n\n<div class=\"wp-block-image icon-style is-style-default wp-duotone-magenta-yellow\">\n<figure class=\"aligncenter size-full\"><a href=\"mailto:lehre@bertsch.at\"><img decoding=\"async\" src=\"https:\/\/neu.lehre.bertsch.at\/wp-content\/themes\/neve\/assets\/img\/starter-content\/neve-marketing-icon-5.png\" alt=\"\"\/><\/a><\/figure>\n<\/div>\n\n\n<div style=\"height:24px\" aria-hidden=\"true\" class=\"wp-block-spacer\"><\/div>\n\n\n\n<h3 class=\"wp-block-heading has-text-align-center has-neve-text-color-color has-text-color\">Email<\/h3>\n\n\n\n<p class=\"has-text-align-center has-neve-text-color-color has-text-color\" style=\"font-size:15px\">Eine E-Mailadresse <br>f\u00fcr alle Fragen.<\/p>\n\n\n\n<div style=\"height:24px\" aria-hidden=\"true\" class=\"wp-block-spacer\"><\/div>\n<\/div><\/div>\n<\/div>\n\n\n\n<div class=\"wp-block-column ticss-a5b4df29 is-layout-flow wp-block-column-is-layout-flow\" style=\"padding-right:var(--wp--preset--spacing--30);padding-left:var(--wp--preset--spacing--30)\">\n<div class=\"wp-block-group has-nv-site-bg-background-color has-background\" style=\"border-radius:24px\"><div class=\"wp-block-group__inner-container is-layout-flow wp-block-group-is-layout-flow\">\n<div style=\"height:24px\" aria-hidden=\"true\" class=\"wp-block-spacer\"><\/div>\n\n\n<div class=\"wp-block-image icon-style is-style-default wp-duotone-magenta-yellow\">\n<figure class=\"aligncenter size-full\"><a href=\"https:\/\/www.google.com\/maps\/place\/BERTSCH+Holding\/@47.15673,9.8192481,1673m\/data=!3m2!1e3!4b1!4m6!3m5!1s0x479b4fb86f04f1c9:0x20d0190965f2bb7b!8m2!3d47.1567264!4d9.821823!16s%2Fg%2F1tdydlxl?entry=ttu&amp;g_ep=EgoyMDI1MDgyNS4wIKXMDSoASAFQAw%3D%3D\"><img decoding=\"async\" src=\"https:\/\/neu.lehre.bertsch.at\/wp-content\/themes\/neve\/assets\/img\/starter-content\/neve-marketing-icon-6.png\" alt=\"\"\/><\/a><\/figure>\n<\/div>\n\n\n<div style=\"height:24px\" aria-hidden=\"true\" class=\"wp-block-spacer\"><\/div>\n\n\n\n<h3 class=\"wp-block-heading has-text-align-center has-neve-text-color-color has-text-color\">B\u00fcro<\/h3>\n\n\n\n<p class=\"has-text-align-center has-neve-text-color-color has-text-color\" style=\"font-size:15px\">Herrengasse 23<br>6700 Bludenz<\/p>\n\n\n\n<div style=\"height:24px\" aria-hidden=\"true\" class=\"wp-block-spacer\"><\/div>\n<\/div><\/div>\n<\/div>\n<\/div>\n\n\n\n<div style=\"height:30px\" aria-hidden=\"true\" class=\"wp-block-spacer\"><\/div>\n\n\n\n<div style=\"height:30px\" aria-hidden=\"true\" class=\"wp-block-spacer\"><\/div>\n<\/div><\/div>\n\n\n\n<div class=\"wp-block-cover alignfull\" style=\"min-height:300px;aspect-ratio:unset;\"><span aria-hidden=\"true\" class=\"wp-block-cover__background has-neve-link-color-background-color has-background-dim-100 has-background-dim\"><\/span><div class=\"wp-block-cover__inner-container is-layout-flow wp-block-cover-is-layout-flow\">\n<div class=\"wp-block-columns is-layout-flex wp-container-core-columns-is-layout-9d6595d7 wp-block-columns-is-layout-flex\">\n<div class=\"wp-block-column is-layout-flow wp-block-column-is-layout-flow\" style=\"flex-basis:20%\"><\/div>\n\n\n\n<div class=\"wp-block-column is-layout-flow wp-block-column-is-layout-flow\" style=\"flex-basis:60%\">\n<div class=\"wp-block-group\"><div class=\"wp-block-group__inner-container is-layout-constrained wp-block-group-is-layout-constrained\">\n<h2 class=\"wp-block-heading has-text-align-center has-nv-text-dark-bg-color has-text-color\">Neugierig?<\/h2>\n\n\n\n<div class=\"wp-block-buttons is-horizontal is-content-justification-center is-layout-flex wp-container-core-buttons-is-layout-499968f5 wp-block-buttons-is-layout-flex\">\n<div class=\"wp-block-button is-style-primary\"><a class=\"wp-block-button__link has-neve-link-color-color has-text-color has-background has-link-color wp-element-button\" href=\"https:\/\/neu.lehre.bertsch.at\/?page_id=21\" style=\"background-color:#ffffff\">Schnuppern!<\/a><\/div>\n<\/div>\n<\/div><\/div>\n<\/div>\n\n\n\n<div class=\"wp-block-column is-layout-flow wp-block-column-is-layout-flow\" style=\"flex-basis:20%\"><\/div>\n<\/div>\n<\/div><\/div>\n\n\n\n<div style=\"height:100px\" aria-hidden=\"true\" class=\"wp-block-spacer\"><\/div>\n\n\n\n<div class=\"wp-block-columns is-layout-flex wp-container-core-columns-is-layout-9d6595d7 wp-block-columns-is-layout-flex\">\n<div class=\"wp-block-column is-layout-flow wp-block-column-is-layout-flow\"><div class=\"wp-block-image is-style-default\">\n<figure class=\"aligncenter size-large\"><a href=\"mailto:lehre@bertsch.at\"><img fetchpriority=\"high\" decoding=\"async\" width=\"683\" height=\"1024\" src=\"https:\/\/neu.lehre.bertsch.at\/wp-content\/uploads\/2025\/09\/Bertsch-Lehrlingskampagne-Technischer-Zeichner-145-683x1024.jpg\" alt=\"\" class=\"wp-image-248\" srcset=\"https:\/\/neu.lehre.bertsch.at\/wp-content\/uploads\/2025\/09\/Bertsch-Lehrlingskampagne-Technischer-Zeichner-145-683x1024.jpg 683w, https:\/\/neu.lehre.bertsch.at\/wp-content\/uploads\/2025\/09\/Bertsch-Lehrlingskampagne-Technischer-Zeichner-145-200x300.jpg 200w, https:\/\/neu.lehre.bertsch.at\/wp-content\/uploads\/2025\/09\/Bertsch-Lehrlingskampagne-Technischer-Zeichner-145-768x1152.jpg 768w, https:\/\/neu.lehre.bertsch.at\/wp-content\/uploads\/2025\/09\/Bertsch-Lehrlingskampagne-Technischer-Zeichner-145-1024x1536.jpg 1024w, https:\/\/neu.lehre.bertsch.at\/wp-content\/uploads\/2025\/09\/Bertsch-Lehrlingskampagne-Technischer-Zeichner-145-1365x2048.jpg 1365w, https:\/\/neu.lehre.bertsch.at\/wp-content\/uploads\/2025\/09\/Bertsch-Lehrlingskampagne-Technischer-Zeichner-145.jpg 1440w\" sizes=\"(max-width: 683px) 100vw, 683px\" \/><\/a><\/figure>\n<\/div>\n\n\n<div style=\"height:30px\" aria-hidden=\"true\" class=\"wp-block-spacer\"><\/div>\n\n\n\n<h3 class=\"wp-block-heading has-text-align-center\">Mathias Klee<\/h3>\n\n\n\n<p class=\"has-text-align-center\">Lehrlingsausbilder<\/p>\n<\/div>\n\n\n\n<div class=\"wp-block-column is-layout-flow wp-block-column-is-layout-flow\"><div class=\"wp-block-image is-style-default\">\n<figure class=\"aligncenter size-large\"><a href=\"mailto:lehre@bertsch.at\"><img decoding=\"async\" width=\"683\" height=\"1024\" src=\"https:\/\/neu.lehre.bertsch.at\/wp-content\/uploads\/2025\/09\/Bertsch-Lehrlingskampagne-Technischer-Zeichner-149-cut-683x1024.jpg\" alt=\"\" class=\"wp-image-497\" srcset=\"https:\/\/neu.lehre.bertsch.at\/wp-content\/uploads\/2025\/09\/Bertsch-Lehrlingskampagne-Technischer-Zeichner-149-cut-683x1024.jpg 683w, https:\/\/neu.lehre.bertsch.at\/wp-content\/uploads\/2025\/09\/Bertsch-Lehrlingskampagne-Technischer-Zeichner-149-cut-200x300.jpg 200w, https:\/\/neu.lehre.bertsch.at\/wp-content\/uploads\/2025\/09\/Bertsch-Lehrlingskampagne-Technischer-Zeichner-149-cut-768x1152.jpg 768w, https:\/\/neu.lehre.bertsch.at\/wp-content\/uploads\/2025\/09\/Bertsch-Lehrlingskampagne-Technischer-Zeichner-149-cut-1024x1536.jpg 1024w, https:\/\/neu.lehre.bertsch.at\/wp-content\/uploads\/2025\/09\/Bertsch-Lehrlingskampagne-Technischer-Zeichner-149-cut.jpg 1045w\" sizes=\"(max-width: 683px) 100vw, 683px\" \/><\/a><\/figure>\n<\/div>\n\n\n<div style=\"height:30px\" aria-hidden=\"true\" class=\"wp-block-spacer\"><\/div>\n\n\n\n<h3 class=\"wp-block-heading has-text-align-center\">Max Schw\u00e4rzler<\/h3>\n\n\n\n<p class=\"has-text-align-center\">Lehrlingsausbilder<\/p>\n<\/div>\n\n\n\n<div class=\"wp-block-column is-layout-flow wp-block-column-is-layout-flow\"><div class=\"wp-block-image is-style-default\">\n<figure class=\"aligncenter size-full\"><a href=\"mailto:office@bertsch.at\"><img decoding=\"async\" width=\"1707\" height=\"2560\" src=\"https:\/\/neu.lehre.bertsch.at\/wp-content\/uploads\/2025\/09\/BERTSCHfoodtec_Bertsch-Hubert-jun-1-web-scaled.jpg\" alt=\"\" class=\"wp-image-326\" srcset=\"https:\/\/neu.lehre.bertsch.at\/wp-content\/uploads\/2025\/09\/BERTSCHfoodtec_Bertsch-Hubert-jun-1-web-scaled.jpg 1707w, https:\/\/neu.lehre.bertsch.at\/wp-content\/uploads\/2025\/09\/BERTSCHfoodtec_Bertsch-Hubert-jun-1-web-200x300.jpg 200w\" sizes=\"(max-width: 1707px) 100vw, 1707px\" \/><\/a><\/figure>\n<\/div>\n\n\n<div style=\"height:30px\" aria-hidden=\"true\" class=\"wp-block-spacer\"><\/div>\n\n\n\n<h3 class=\"wp-block-heading has-text-align-center\">Hubert Bertsch jun.<\/h3>\n\n\n\n<p class=\"has-text-align-center\">Gesch\u00e4ftsf\u00fchrer<\/p>\n<\/div>\n\n\n\n<div class=\"wp-block-column is-layout-flow wp-block-column-is-layout-flow\"><div class=\"wp-block-image is-style-default\">\n<figure class=\"aligncenter size-full\"><a href=\"mailto:marketing@bertsch.at\"><img decoding=\"async\" src=\"https:\/\/neu.lehre.bertsch.at\/wp-content\/uploads\/2025\/09\/BERTSCHgroup_Rohner-Claudia-1-web.jpg\" alt=\"\" class=\"wp-image-423\"\/><\/a><\/figure>\n<\/div>\n\n\n<div style=\"height:30px\" aria-hidden=\"true\" class=\"wp-block-spacer\"><\/div>\n\n\n\n<h3 class=\"wp-block-heading has-text-align-center\">Claudia Rohner<\/h3>\n\n\n\n<p class=\"has-text-align-center\">Marketing<\/p>\n<\/div>\n<\/div>\n\n\n\n<div style=\"height:100px\" aria-hidden=\"true\" class=\"wp-block-spacer\"><\/div>\n\n\n\n<div class=\"wp-block-cover alignfull\" style=\"min-height:300px;aspect-ratio:unset;\"><span aria-hidden=\"true\" class=\"wp-block-cover__background has-neve-link-color-background-color has-background-dim-100 has-background-dim\"><\/span><div class=\"wp-block-cover__inner-container is-layout-flow wp-block-cover-is-layout-flow\">\n<div class=\"wp-block-columns is-layout-flex wp-container-core-columns-is-layout-9d6595d7 wp-block-columns-is-layout-flex\">\n<div class=\"wp-block-column is-layout-flow wp-block-column-is-layout-flow\" style=\"flex-basis:20%\"><\/div>\n\n\n\n<div class=\"wp-block-column is-layout-flow wp-block-column-is-layout-flow\" style=\"flex-basis:60%\">\n<div class=\"wp-block-group\"><div class=\"wp-block-group__inner-container is-layout-constrained wp-block-group-is-layout-constrained\">\n<h2 class=\"wp-block-heading has-text-align-center has-nv-text-dark-bg-color has-text-color\">Deine Zukunft beginnt hier.<\/h2>\n\n\n\n<div class=\"wp-block-buttons is-horizontal is-content-justification-center is-layout-flex wp-container-core-buttons-is-layout-499968f5 wp-block-buttons-is-layout-flex\">\n<div class=\"wp-block-button is-style-primary\"><a class=\"wp-block-button__link has-neve-link-color-color has-text-color has-background has-link-color wp-element-button\" href=\"https:\/\/portal.mylehre.at\/public\/#bewerbung?key=UTrWKy%2frHW%2f67am8TEYoD29Jb29IEmvFI3Kd3NJX35Lt5wElaSovrVyfFdnw%2b98q\" style=\"background-color:#ffffff\">Jetzt bewerben.<\/a><\/div>\n<\/div>\n<\/div><\/div>\n<\/div>\n\n\n\n<div class=\"wp-block-column is-layout-flow wp-block-column-is-layout-flow\" style=\"flex-basis:20%\"><\/div>\n<\/div>\n<\/div><\/div>\n\n\n\n<p><\/p>\n","protected":false},"excerpt":{"rendered":"<p>Mathias Klee Lehrlingsausbilder Max Schw\u00e4rzler Lehrlingsausbilder Hubert Bertsch jun. Gesch\u00e4ftsf\u00fchrer Claudia Rohner Marketing<\/p>\n","protected":false},"author":1,"featured_media":0,"parent":0,"menu_order":0,"comment_status":"closed","ping_status":"closed","template":"","meta":{"neve_meta_sidebar":"","neve_meta_container":"","neve_meta_enable_content_width":"on","neve_meta_content_width":100,"neve_meta_title_alignment":"","neve_meta_author_avatar":"","neve_post_elements_order":"","neve_meta_disable_header":"","neve_meta_disable_footer":"","neve_meta_disable_title":"on","footnotes":""},"class_list":["post-19","page","type-page","status-publish","hentry"],"_links":{"self":[{"href":"https:\/\/neu.lehre.bertsch.at\/index.php?rest_route=\/wp\/v2\/pages\/19","targetHints":{"allow":["GET"]}}],"collection":[{"href":"https:\/\/neu.lehre.bertsch.at\/index.php?rest_route=\/wp\/v2\/pages"}],"about":[{"href":"https:\/\/neu.lehre.bertsch.at\/index.php?rest_route=\/wp\/v2\/types\/page"}],"author":[{"embeddable":true,"href":"https:\/\/neu.lehre.bertsch.at\/index.php?rest_route=\/wp\/v2\/users\/1"}],"replies":[{"embeddable":true,"href":"https:\/\/neu.lehre.bertsch.at\/index.php?rest_route=%2Fwp%2Fv2%2Fcomments&post=19"}],"version-history":[{"count":18,"href":"https:\/\/neu.lehre.bertsch.at\/index.php?rest_route=\/wp\/v2\/pages\/19\/revisions"}],"predecessor-version":[{"id":633,"href":"https:\/\/neu.lehre.bertsch.at\/index.php?rest_route=\/wp\/v2\/pages\/19\/revisions\/633"}],"wp:attachment":[{"href":"https:\/\/neu.lehre.bertsch.at\/index.php?rest_route=%2Fwp%2Fv2%2Fmedia&parent=19"}],"curies":[{"name":"wp","href":"https:\/\/api.w.org\/{rel}","templated":true}]}}