{"id":373,"date":"2025-09-02T08:17:20","date_gmt":"2025-09-02T08:17:20","guid":{"rendered":"https:\/\/neu.lehre.bertsch.at\/?page_id=373"},"modified":"2026-01-26T15:39:26","modified_gmt":"2026-01-26T15:39:26","slug":"skill-job-karriere","status":"publish","type":"page","link":"https:\/\/neu.lehre.bertsch.at\/?page_id=373","title":{"rendered":"Skills &#038; Karriere"},"content":{"rendered":"\n<div style=\"height:100px\" aria-hidden=\"true\" class=\"wp-block-spacer\"><\/div>\n\n\n\n<h1 class=\"wp-block-heading\"><mark style=\"background-color:rgba(0, 0, 0, 0)\" class=\"has-inline-color has-nv-dark-bg-color\">SKILLS &amp; KARRIERE<\/mark><\/h1>\n\n\n\n<div style=\"height:100px\" aria-hidden=\"true\" class=\"wp-block-spacer\"><\/div>\n\n\n\n<h2 class=\"wp-block-heading\"><mark style=\"background-color:rgba(0, 0, 0, 0)\" class=\"has-inline-color has-nv-dark-bg-color\">Damit der Einstieg in die Technik gelingt.<\/mark><\/h2>\n\n\n\n<p>Diese Skills bringen dich als Konstrukteur:in weiter.<br>Keine Sorge, du musst nicht schon vor Beginn der Lehre alles perfekt k\u00f6nnen. Aber wenn das hier zu dir passt, bist du bei uns genau richtig<\/p>\n\n\n\n<div class=\"wp-block-columns is-layout-flex wp-container-core-columns-is-layout-9d6595d7 wp-block-columns-is-layout-flex\">\n<div class=\"wp-block-column is-layout-flow wp-block-column-is-layout-flow\">\n<figure class=\"wp-block-image size-large\"><img fetchpriority=\"high\" decoding=\"async\" width=\"1024\" height=\"682\" src=\"https:\/\/neu.lehre.bertsch.at\/wp-content\/uploads\/2025\/09\/Bertsch-Lehrlingskampagne-Technischer-Zeichner-204-1024x682.jpg\" alt=\"\" class=\"wp-image-251\" srcset=\"https:\/\/neu.lehre.bertsch.at\/wp-content\/uploads\/2025\/09\/Bertsch-Lehrlingskampagne-Technischer-Zeichner-204-1024x682.jpg 1024w, https:\/\/neu.lehre.bertsch.at\/wp-content\/uploads\/2025\/09\/Bertsch-Lehrlingskampagne-Technischer-Zeichner-204-300x200.jpg 300w, https:\/\/neu.lehre.bertsch.at\/wp-content\/uploads\/2025\/09\/Bertsch-Lehrlingskampagne-Technischer-Zeichner-204-768x512.jpg 768w, https:\/\/neu.lehre.bertsch.at\/wp-content\/uploads\/2025\/09\/Bertsch-Lehrlingskampagne-Technischer-Zeichner-204-1536x1023.jpg 1536w, https:\/\/neu.lehre.bertsch.at\/wp-content\/uploads\/2025\/09\/Bertsch-Lehrlingskampagne-Technischer-Zeichner-204-2048x1364.jpg 2048w, https:\/\/neu.lehre.bertsch.at\/wp-content\/uploads\/2025\/09\/Bertsch-Lehrlingskampagne-Technischer-Zeichner-204-930x620.jpg 930w\" sizes=\"(max-width: 1024px) 100vw, 1024px\" \/><\/figure>\n\n\n\n<div style=\"height:38px\" aria-hidden=\"true\" class=\"wp-block-spacer\"><\/div>\n\n\n\n<p>\ud83e\udde0<strong><mark style=\"background-color:rgba(0, 0, 0, 0)\" class=\"has-inline-color has-nv-dark-bg-color\">R\u00e4umliches Vorstellungsverm\u00f6gen<\/mark><\/strong> <br>Also die F\u00e4higkeit, dir Dinge im Kopf dreidimensional vorzustellen. Zum Beispiel: Wie sieht ein Teil aus, wenn man es von oben, von der Seite oder im Schnitt sieht?<\/p>\n\n\n\n<p>\ud83e\udde9<strong><mark style=\"background-color:rgba(0, 0, 0, 0)\" class=\"has-inline-color has-nv-dark-bg-color\">Logisches Denken<\/mark><\/strong><br>Du erkennst Zusammenh\u00e4nge, denkst mit und findest clevere L\u00f6sungen.<\/p>\n\n\n\n<p>\ud83d\udcd0 <strong><mark style=\"background-color:rgba(0, 0, 0, 0)\" class=\"has-inline-color has-nv-dark-bg-color\">Interesse an Mathe, Geometrie und Technik<\/mark><\/strong><br>Du musst kein Mathe-Genie sein, aber Zahlen und Formen schrecken dich nicht ab.<\/p>\n\n\n\n<div style=\"height:30px\" aria-hidden=\"true\" class=\"wp-block-spacer\"><\/div>\n<\/div>\n\n\n\n<div class=\"wp-block-column is-layout-flow wp-block-column-is-layout-flow\">\n<figure class=\"wp-block-image size-large\"><img decoding=\"async\" width=\"1024\" height=\"683\" src=\"https:\/\/neu.lehre.bertsch.at\/wp-content\/uploads\/2025\/09\/Bertsch-Lehrlingskampagne-Technischer-Zeichner-034-1024x683.jpg\" alt=\"\" class=\"wp-image-304\" srcset=\"https:\/\/neu.lehre.bertsch.at\/wp-content\/uploads\/2025\/09\/Bertsch-Lehrlingskampagne-Technischer-Zeichner-034-1024x683.jpg 1024w, https:\/\/neu.lehre.bertsch.at\/wp-content\/uploads\/2025\/09\/Bertsch-Lehrlingskampagne-Technischer-Zeichner-034-300x200.jpg 300w, https:\/\/neu.lehre.bertsch.at\/wp-content\/uploads\/2025\/09\/Bertsch-Lehrlingskampagne-Technischer-Zeichner-034-768x512.jpg 768w, https:\/\/neu.lehre.bertsch.at\/wp-content\/uploads\/2025\/09\/Bertsch-Lehrlingskampagne-Technischer-Zeichner-034-1536x1024.jpg 1536w, https:\/\/neu.lehre.bertsch.at\/wp-content\/uploads\/2025\/09\/Bertsch-Lehrlingskampagne-Technischer-Zeichner-034-2048x1365.jpg 2048w, https:\/\/neu.lehre.bertsch.at\/wp-content\/uploads\/2025\/09\/Bertsch-Lehrlingskampagne-Technischer-Zeichner-034-930x620.jpg 930w\" sizes=\"(max-width: 1024px) 100vw, 1024px\" \/><\/figure>\n\n\n\n<div style=\"height:38px\" aria-hidden=\"true\" class=\"wp-block-spacer\"><\/div>\n\n\n\n<p>\ud83e\udd1d<strong><mark style=\"background-color:rgba(0, 0, 0, 0)\" class=\"has-inline-color has-nv-dark-bg-color\">Teamf\u00e4higkeit und Kommunikationsbereitschaft <\/mark><\/strong><br>Du arbeitest gern mit anderen zusammen und kannst auch mal nachfragen, wenn du etwas nicht verstehst.<\/p>\n\n\n\n<p>\ud83d\udd0d <strong><mark style=\"background-color:rgba(0, 0, 0, 0)\" class=\"has-inline-color has-nv-dark-bg-color\">Verantwortungsbewusstsein<\/mark><\/strong><br>Du gehst sorgf\u00e4ltig mit Aufgaben um und \u00fcbernimmst Verantwortung f\u00fcr deine Arbeit.<\/p>\n\n\n\n<p>\ud83d\udcaa<strong><mark style=\"background-color:rgba(0, 0, 0, 0)\" class=\"has-inline-color has-nv-dark-bg-color\">Dranbleiben k\u00f6nnen <\/mark><\/strong><br>Auch wenn\u2019s mal schwieriger wird, bleibst du motiviert und gibst nicht gleich auf.<\/p>\n\n\n\n<div style=\"height:30px\" aria-hidden=\"true\" class=\"wp-block-spacer\"><\/div>\n\n\n\n<div style=\"height:100px\" aria-hidden=\"true\" class=\"wp-block-spacer\"><\/div>\n<\/div>\n<\/div>\n\n\n\n<div class=\"wp-block-cover alignfull\" style=\"min-height:300px;aspect-ratio:unset;\"><span aria-hidden=\"true\" class=\"wp-block-cover__background has-neve-link-color-background-color has-background-dim-100 has-background-dim\"><\/span><div class=\"wp-block-cover__inner-container is-layout-flow wp-block-cover-is-layout-flow\">\n<div class=\"wp-block-columns is-layout-flex wp-container-core-columns-is-layout-9d6595d7 wp-block-columns-is-layout-flex\">\n<div class=\"wp-block-column is-layout-flow wp-block-column-is-layout-flow\" style=\"flex-basis:20%\"><\/div>\n\n\n\n<div class=\"wp-block-column is-layout-flow wp-block-column-is-layout-flow\" style=\"flex-basis:60%\">\n<div class=\"wp-block-group\"><div class=\"wp-block-group__inner-container is-layout-constrained wp-block-group-is-layout-constrained\">\n<h2 class=\"wp-block-heading has-text-align-center has-nv-text-dark-bg-color has-text-color\">Neugierig?<\/h2>\n\n\n\n<div class=\"wp-block-buttons is-horizontal is-content-justification-center is-layout-flex wp-container-core-buttons-is-layout-499968f5 wp-block-buttons-is-layout-flex\">\n<div class=\"wp-block-button is-style-primary\"><a class=\"wp-block-button__link has-neve-link-color-color has-text-color has-background has-link-color wp-element-button\" href=\"https:\/\/neu.lehre.bertsch.at\/?page_id=21\" style=\"background-color:#ffffff\">Schnuppern!<\/a><\/div>\n<\/div>\n<\/div><\/div>\n<\/div>\n\n\n\n<div class=\"wp-block-column is-layout-flow wp-block-column-is-layout-flow\" style=\"flex-basis:20%\"><\/div>\n<\/div>\n<\/div><\/div>\n\n\n\n<div style=\"height:100px\" aria-hidden=\"true\" class=\"wp-block-spacer\"><\/div>\n\n\n\n<h2 class=\"wp-block-heading\"><mark style=\"background-color:rgba(0, 0, 0, 0)\" class=\"has-inline-color has-nv-dark-bg-color\">Als Konstrukteur:in bist du gefragt.<\/mark><\/h2>\n\n\n\n<p>Egal ob bei BERTSCH oder in anderen technischen Betrieben:<br>Als Konstrukteur:in bist du \u00fcberall dort im Einsatz, wo Ideen zu Pl\u00e4nen und Pl\u00e4ne zu Realit\u00e4t werden.<\/p>\n\n\n\n<div class=\"wp-block-columns is-layout-flex wp-container-core-columns-is-layout-9d6595d7 wp-block-columns-is-layout-flex\">\n<div class=\"wp-block-column is-layout-flow wp-block-column-is-layout-flow\">\n<figure class=\"wp-block-image size-large\"><img decoding=\"async\" width=\"1024\" height=\"683\" src=\"https:\/\/neu.lehre.bertsch.at\/wp-content\/uploads\/2025\/09\/Bertsch-Lehrlingskampagne-Technischer-Zeichner-050-1024x683.jpg\" alt=\"\" class=\"wp-image-243\" srcset=\"https:\/\/neu.lehre.bertsch.at\/wp-content\/uploads\/2025\/09\/Bertsch-Lehrlingskampagne-Technischer-Zeichner-050-1024x683.jpg 1024w, https:\/\/neu.lehre.bertsch.at\/wp-content\/uploads\/2025\/09\/Bertsch-Lehrlingskampagne-Technischer-Zeichner-050-300x200.jpg 300w, https:\/\/neu.lehre.bertsch.at\/wp-content\/uploads\/2025\/09\/Bertsch-Lehrlingskampagne-Technischer-Zeichner-050-768x512.jpg 768w, https:\/\/neu.lehre.bertsch.at\/wp-content\/uploads\/2025\/09\/Bertsch-Lehrlingskampagne-Technischer-Zeichner-050-1536x1024.jpg 1536w, https:\/\/neu.lehre.bertsch.at\/wp-content\/uploads\/2025\/09\/Bertsch-Lehrlingskampagne-Technischer-Zeichner-050-2048x1365.jpg 2048w, https:\/\/neu.lehre.bertsch.at\/wp-content\/uploads\/2025\/09\/Bertsch-Lehrlingskampagne-Technischer-Zeichner-050-930x620.jpg 930w\" sizes=\"(max-width: 1024px) 100vw, 1024px\" \/><\/figure>\n\n\n\n<div style=\"height:38px\" aria-hidden=\"true\" class=\"wp-block-spacer\"><\/div>\n\n\n\n<p>\ud83c\udfd7\ufe0f <strong><mark style=\"background-color:rgba(0, 0, 0, 0)\" class=\"has-inline-color has-nv-dark-bg-color\">Anlagen, Beh\u00e4lter &amp; Stahlkonstruktionen planen<\/mark><\/strong><br>Du entwickelst Bauteile und Systeme \u2013 zum Beispiel f\u00fcr den Anlagenbau, Rohrleitungen oder gro\u00dfe Konstruktionen aus Edelstahl.<\/p>\n\n\n\n<p>\ud83d\udcbb <strong><mark style=\"background-color:rgba(0, 0, 0, 0)\" class=\"has-inline-color has-nv-dark-bg-color\">Arbeiten mit Zeichenprogrammen &amp; Software<\/mark><\/strong><br>Du setzt CAD-Programme ein, um technische 2D &amp; 3D Zeichnungen sowie Modelle zu erstellen.<\/p>\n\n\n\n<p>\ud83d\ude80 <strong><mark style=\"background-color:rgba(0, 0, 0, 0)\" class=\"has-inline-color has-nv-dark-bg-color\">Technische Ideen Wirklichkeit werden lassen<\/mark><\/strong><br>Du arbeitest nicht nur theoretisch \u2013 deine Zeichnungen werden sp\u00e4ter zu echten Maschinen, Anlagen oder Bauteilen. Du lieferst zudem Unterlagen wie St\u00fccklisten &amp; Berechnungen, die Werkstatt und Produktion brauchen.<\/p>\n\n\n\n<p>\ud83d\udd29 <strong><mark style=\"background-color:rgba(0, 0, 0, 0)\" class=\"has-inline-color has-nv-dark-bg-color\">Werkstoffe &amp; Normteile richtig einsetzen<\/mark><\/strong><br>Du wei\u00dft, welche Materialien passen \u2013 und arbeitest nach den technischen Regeln\/Normen.<\/p>\n\n\n\n<div style=\"height:30px\" aria-hidden=\"true\" class=\"wp-block-spacer\"><\/div>\n<\/div>\n\n\n\n<div class=\"wp-block-column is-layout-flow wp-block-column-is-layout-flow\">\n<figure class=\"wp-block-image size-large\"><img loading=\"lazy\" decoding=\"async\" width=\"1024\" height=\"683\" src=\"https:\/\/neu.lehre.bertsch.at\/wp-content\/uploads\/2025\/09\/Bertsch-Lehrlingskampagne-Technischer-Zeichner-201-1024x683.jpg\" alt=\"\" class=\"wp-image-489\" srcset=\"https:\/\/neu.lehre.bertsch.at\/wp-content\/uploads\/2025\/09\/Bertsch-Lehrlingskampagne-Technischer-Zeichner-201-1024x683.jpg 1024w, https:\/\/neu.lehre.bertsch.at\/wp-content\/uploads\/2025\/09\/Bertsch-Lehrlingskampagne-Technischer-Zeichner-201-300x200.jpg 300w, https:\/\/neu.lehre.bertsch.at\/wp-content\/uploads\/2025\/09\/Bertsch-Lehrlingskampagne-Technischer-Zeichner-201-768x512.jpg 768w, https:\/\/neu.lehre.bertsch.at\/wp-content\/uploads\/2025\/09\/Bertsch-Lehrlingskampagne-Technischer-Zeichner-201-1536x1024.jpg 1536w, https:\/\/neu.lehre.bertsch.at\/wp-content\/uploads\/2025\/09\/Bertsch-Lehrlingskampagne-Technischer-Zeichner-201-2048x1365.jpg 2048w, https:\/\/neu.lehre.bertsch.at\/wp-content\/uploads\/2025\/09\/Bertsch-Lehrlingskampagne-Technischer-Zeichner-201-930x620.jpg 930w\" sizes=\"(max-width: 1024px) 100vw, 1024px\" \/><\/figure>\n\n\n\n<div style=\"height:38px\" aria-hidden=\"true\" class=\"wp-block-spacer\"><\/div>\n\n\n\n<p>\ud83d\udd04 <strong><mark style=\"background-color:rgba(0, 0, 0, 0)\" class=\"has-inline-color has-nv-dark-bg-color\">Daten aufbereiten &amp; austauschen<\/mark><\/strong><br>Du konvertierst Zeichnungen, exportierst Daten und sorgst daf\u00fcr, dass alle mit den richtigen Infos arbeiten.<\/p>\n\n\n\n<p>\ud83e\udd1d <strong><mark style=\"background-color:rgba(0, 0, 0, 0)\" class=\"has-inline-color has-nv-dark-bg-color\">Schnittstelle zwischen Planung &amp; Praxis<\/mark><\/strong><br>Du arbeitest eng mit Produktion, Kunden, Lieferanten und anderen Abteilungen zusammen. Gute Kommunikation &amp; Teamarbeit ist dabei das A und O.<\/p>\n\n\n\n<p>\ud83e\udde9 <strong><mark style=\"background-color:rgba(0, 0, 0, 0)\" class=\"has-inline-color has-nv-dark-bg-color\">An Projekten von Anfang bis Ende mitarbeiten<\/mark><\/strong><br>Du bist bei echten Kundenauftr\u00e4gen dabei \u2013 vom ersten Entwurf bis zur fertigen Umsetzung. Du siehst, wie aus vielen Einzelteilen ein funktionierendes Ganzes entsteht.<\/p>\n\n\n\n<div style=\"height:30px\" aria-hidden=\"true\" class=\"wp-block-spacer\"><\/div>\n\n\n\n<div style=\"height:100px\" aria-hidden=\"true\" class=\"wp-block-spacer\"><\/div>\n<\/div>\n<\/div>\n\n\n\n<div class=\"wp-block-cover alignfull\" style=\"min-height:300px;aspect-ratio:unset;\"><span aria-hidden=\"true\" class=\"wp-block-cover__background has-neve-link-color-background-color has-background-dim-100 has-background-dim\"><\/span><div class=\"wp-block-cover__inner-container is-layout-flow wp-block-cover-is-layout-flow\">\n<div class=\"wp-block-columns is-layout-flex wp-container-core-columns-is-layout-9d6595d7 wp-block-columns-is-layout-flex\">\n<div class=\"wp-block-column is-layout-flow wp-block-column-is-layout-flow\" style=\"flex-basis:20%\"><\/div>\n\n\n\n<div class=\"wp-block-column is-layout-flow wp-block-column-is-layout-flow\" style=\"flex-basis:60%\">\n<div class=\"wp-block-group\"><div class=\"wp-block-group__inner-container is-layout-constrained wp-block-group-is-layout-constrained\">\n<h2 class=\"wp-block-heading has-text-align-center has-nv-text-dark-bg-color has-text-color\">Deine Zukunft beginnt hier.<\/h2>\n\n\n\n<div class=\"wp-block-buttons is-horizontal is-content-justification-center is-layout-flex wp-container-core-buttons-is-layout-499968f5 wp-block-buttons-is-layout-flex\">\n<div class=\"wp-block-button is-style-primary\"><a class=\"wp-block-button__link has-neve-link-color-color has-text-color has-background has-link-color wp-element-button\" href=\"https:\/\/portal.mylehre.at\/public\/#bewerbung?key=UTrWKy%2frHW%2f67am8TEYoD29Jb29IEmvFI3Kd3NJX35Lt5wElaSovrVyfFdnw%2b98q\" style=\"background-color:#ffffff\">Jetzt bewerben.<\/a><\/div>\n<\/div>\n<\/div><\/div>\n<\/div>\n\n\n\n<div class=\"wp-block-column is-layout-flow wp-block-column-is-layout-flow\" style=\"flex-basis:20%\"><\/div>\n<\/div>\n<\/div><\/div>\n\n\n\n<div style=\"height:100px\" aria-hidden=\"true\" class=\"wp-block-spacer\"><\/div>\n\n\n\n<h2 class=\"wp-block-heading\"><mark style=\"background-color:rgba(0, 0, 0, 0)\" class=\"has-inline-color has-nv-dark-bg-color\">Deine M\u00f6glichkeiten nach der Lehre<\/mark><\/h2>\n\n\n\n<p>Mit der Lehre als Konstrukteur:in stehen dir viele Wege offen.<br>Und das sowohl bei BERTSCH als auch dar\u00fcber hinaus. Du kannst dich spezialisieren, weiterlernen oder richtig durchstarten.<\/p>\n\n\n\n<div class=\"wp-block-columns is-layout-flex wp-container-core-columns-is-layout-9d6595d7 wp-block-columns-is-layout-flex\">\n<div class=\"wp-block-column is-layout-flow wp-block-column-is-layout-flow\">\n<figure class=\"wp-block-image size-large\"><img loading=\"lazy\" decoding=\"async\" width=\"1024\" height=\"683\" src=\"https:\/\/neu.lehre.bertsch.at\/wp-content\/uploads\/2025\/09\/Bertsch-Lehrlingskampagne-Technischer-Zeichner-276-1024x683.jpg\" alt=\"\" class=\"wp-image-255\" srcset=\"https:\/\/neu.lehre.bertsch.at\/wp-content\/uploads\/2025\/09\/Bertsch-Lehrlingskampagne-Technischer-Zeichner-276-1024x683.jpg 1024w, https:\/\/neu.lehre.bertsch.at\/wp-content\/uploads\/2025\/09\/Bertsch-Lehrlingskampagne-Technischer-Zeichner-276-300x200.jpg 300w, https:\/\/neu.lehre.bertsch.at\/wp-content\/uploads\/2025\/09\/Bertsch-Lehrlingskampagne-Technischer-Zeichner-276-768x512.jpg 768w, https:\/\/neu.lehre.bertsch.at\/wp-content\/uploads\/2025\/09\/Bertsch-Lehrlingskampagne-Technischer-Zeichner-276-1536x1024.jpg 1536w, https:\/\/neu.lehre.bertsch.at\/wp-content\/uploads\/2025\/09\/Bertsch-Lehrlingskampagne-Technischer-Zeichner-276-2048x1365.jpg 2048w, https:\/\/neu.lehre.bertsch.at\/wp-content\/uploads\/2025\/09\/Bertsch-Lehrlingskampagne-Technischer-Zeichner-276-930x620.jpg 930w\" sizes=\"(max-width: 1024px) 100vw, 1024px\" \/><\/figure>\n\n\n\n<div style=\"height:38px\" aria-hidden=\"true\" class=\"wp-block-spacer\"><\/div>\n\n\n\n<p>\ud83d\udcbc <strong><mark style=\"background-color:rgba(0, 0, 0, 0)\" class=\"has-inline-color has-nv-dark-bg-color\">Fixer Job mit Zukunft bei BERTSCH<\/mark><br><\/strong>Nach der Lehre kannst du direkt bei uns einsteigen \u2013 <br>mit vielen Chancen, dich intern weiterzuentwickeln.<\/p>\n\n\n\n<p>\ud83d\udee0\ufe0f <strong><mark style=\"background-color:rgba(0, 0, 0, 0)\" class=\"has-inline-color has-nv-dark-bg-color\">Fachkurse &amp; Spezialisierungen<\/mark><br><\/strong>Vertiefe dein Wissen in bestimmten Bereichen \u2013 zum Beispiel in CAD, Werkstoffkunde oder Schwei\u00dftechnik.<\/p>\n\n\n\n<p>\ud83d\udcda <strong><mark style=\"background-color:rgba(0, 0, 0, 0)\" class=\"has-inline-color has-nv-dark-bg-color\">Aufbaulehrgang Fertigungs- &amp; Automatisierungstechnik<\/mark><br><\/strong>Ideal, wenn du tiefer in Technik &amp; Produktion einsteigen willst.<\/p>\n\n\n\n<div style=\"height:30px\" aria-hidden=\"true\" class=\"wp-block-spacer\"><\/div>\n<\/div>\n\n\n\n<div class=\"wp-block-column is-layout-flow wp-block-column-is-layout-flow\">\n<figure class=\"wp-block-image size-full\"><img decoding=\"async\" src=\"https:\/\/neu.lehre.bertsch.at\/wp-content\/uploads\/2025\/02\/CHANCENLAND_VORARLBERG_cAlexandra_Folie_WISTO_11-web-BERTSCHfoodtec.jpg\" alt=\"\" class=\"wp-image-89\"\/><\/figure>\n\n\n\n<div style=\"height:38px\" aria-hidden=\"true\" class=\"wp-block-spacer\"><\/div>\n\n\n\n<p>\ud83c\udf93 <strong><mark style=\"background-color:rgba(0, 0, 0, 0)\" class=\"has-inline-color has-nv-dark-bg-color\">Berufsbegleitende Matura<\/mark><\/strong><br>Du kannst w\u00e4hrend oder nach der Lehre deine Matura machen \u2013 als Basis f\u00fcr ein sp\u00e4teres Studium.<br><\/p>\n\n\n\n<p>\ud83c\udfeb <strong><mark style=\"background-color:rgba(0, 0, 0, 0)\" class=\"has-inline-color has-nv-dark-bg-color\">Schulische Weiterbildung<\/mark><\/strong><br>Du willst noch mehr rausholen? Kein Problem \u2013 auch h\u00f6here Schulen oder Technik-Studieng\u00e4nge stehen dir offen.<\/p>\n\n\n\n<div style=\"height:30px\" aria-hidden=\"true\" class=\"wp-block-spacer\"><\/div>\n\n\n\n<div style=\"height:100px\" aria-hidden=\"true\" class=\"wp-block-spacer\"><\/div>\n<\/div>\n<\/div>\n\n\n\n<div class=\"wp-block-cover alignfull\" style=\"min-height:952px;aspect-ratio:unset;\"><span aria-hidden=\"true\" class=\"wp-block-cover__background has-nv-light-bg-background-color has-background-dim-100 has-background-dim\"><\/span><div class=\"wp-block-cover__inner-container is-layout-flow wp-block-cover-is-layout-flow\">\n<div class=\"wp-block-group\"><div class=\"wp-block-group__inner-container is-layout-flow wp-block-group-is-layout-flow\">\n<div class=\"wp-block-columns is-layout-flex wp-container-core-columns-is-layout-9d6595d7 wp-block-columns-is-layout-flex\">\n<div class=\"wp-block-column is-layout-flow wp-block-column-is-layout-flow\" style=\"flex-basis:20%\">\n<div class=\"wp-block-group is-vertical is-content-justification-center is-layout-flex wp-container-core-group-is-layout-4b2eccd6 wp-block-group-is-layout-flex\"><\/div>\n<\/div>\n\n\n\n<div class=\"wp-block-column is-layout-flow wp-block-column-is-layout-flow\" style=\"flex-basis:60%\">\n<div class=\"wp-block-group is-vertical is-content-justification-center is-layout-flex wp-container-core-group-is-layout-4b2eccd6 wp-block-group-is-layout-flex\">\n<h2 class=\"wp-block-heading has-text-align-center has-neve-text-color-color has-text-color has-link-color wp-elements-f7032c5b1b617a5653f999a045e4d631\"><mark style=\"background-color:rgba(0, 0, 0, 0)\" class=\"has-inline-color has-nv-dark-bg-color\">Wir freuen uns auf Dich!<\/mark><\/h2>\n\n\n\n<div style=\"height:0px\" aria-hidden=\"true\" class=\"wp-block-spacer wp-container-content-f9bd05ee\"><\/div>\n<\/div>\n<\/div>\n\n\n\n<div class=\"wp-block-column is-layout-flow wp-block-column-is-layout-flow\" style=\"flex-basis:20%\">\n<div class=\"wp-block-group is-vertical is-content-justification-center is-layout-flex wp-container-core-group-is-layout-4b2eccd6 wp-block-group-is-layout-flex\"><\/div>\n<\/div>\n<\/div>\n\n\n\n<div class=\"wp-block-columns is-layout-flex wp-container-core-columns-is-layout-9d6595d7 wp-block-columns-is-layout-flex\">\n<div class=\"wp-block-column is-layout-flow wp-block-column-is-layout-flow\" style=\"padding-right:var(--wp--preset--spacing--30);padding-left:var(--wp--preset--spacing--30)\"><div class=\"wp-block-image is-style-default\">\n<figure class=\"aligncenter size-full is-resized has-custom-border\"><img loading=\"lazy\" decoding=\"async\" width=\"1440\" height=\"2160\" src=\"https:\/\/neu.lehre.bertsch.at\/wp-content\/uploads\/2025\/09\/Bertsch-Lehrlingskampagne-Technischer-Zeichner-253.jpg\" alt=\"\" class=\"wp-image-254\" style=\"border-radius:16px;width:253px;height:auto\" srcset=\"https:\/\/neu.lehre.bertsch.at\/wp-content\/uploads\/2025\/09\/Bertsch-Lehrlingskampagne-Technischer-Zeichner-253.jpg 1440w, https:\/\/neu.lehre.bertsch.at\/wp-content\/uploads\/2025\/09\/Bertsch-Lehrlingskampagne-Technischer-Zeichner-253-200x300.jpg 200w, https:\/\/neu.lehre.bertsch.at\/wp-content\/uploads\/2025\/09\/Bertsch-Lehrlingskampagne-Technischer-Zeichner-253-683x1024.jpg 683w, https:\/\/neu.lehre.bertsch.at\/wp-content\/uploads\/2025\/09\/Bertsch-Lehrlingskampagne-Technischer-Zeichner-253-768x1152.jpg 768w, https:\/\/neu.lehre.bertsch.at\/wp-content\/uploads\/2025\/09\/Bertsch-Lehrlingskampagne-Technischer-Zeichner-253-1024x1536.jpg 1024w, https:\/\/neu.lehre.bertsch.at\/wp-content\/uploads\/2025\/09\/Bertsch-Lehrlingskampagne-Technischer-Zeichner-253-1365x2048.jpg 1365w\" sizes=\"(max-width: 1440px) 100vw, 1440px\" \/><\/figure>\n<\/div>\n\n\n<div style=\"height:30px\" aria-hidden=\"true\" class=\"wp-block-spacer\"><\/div>\n\n\n\n<h3 class=\"wp-block-heading has-text-align-center has-neve-text-color-color has-text-color\">Mathias Klee<\/h3>\n\n\n\n<p class=\"has-text-align-center has-neve-text-color-color has-text-color\">Lehrlingsausbilder<\/p>\n\n\n\n<div class=\"wp-block-buttons is-content-justification-center is-layout-flex wp-container-core-buttons-is-layout-16018d1d wp-block-buttons-is-layout-flex\">\n<div class=\"wp-block-button is-style-primary\"><a class=\"wp-block-button__link wp-element-button\" href=\"mailto:lehre@bertsch.at\">E-Mail an Mathias<\/a><\/div>\n<\/div>\n<\/div>\n\n\n\n<div class=\"wp-block-column is-layout-flow wp-block-column-is-layout-flow\" style=\"padding-right:var(--wp--preset--spacing--30);padding-left:var(--wp--preset--spacing--30)\"><div class=\"wp-block-image is-style-default\">\n<figure class=\"aligncenter size-full is-resized has-custom-border\"><img loading=\"lazy\" decoding=\"async\" width=\"1440\" height=\"2160\" src=\"https:\/\/neu.lehre.bertsch.at\/wp-content\/uploads\/2025\/09\/Bertsch-Lehrlingskampagne-Technischer-Zeichner-251.jpg\" alt=\"\" class=\"wp-image-253\" style=\"border-radius:16px;width:260px;height:auto\" srcset=\"https:\/\/neu.lehre.bertsch.at\/wp-content\/uploads\/2025\/09\/Bertsch-Lehrlingskampagne-Technischer-Zeichner-251.jpg 1440w, https:\/\/neu.lehre.bertsch.at\/wp-content\/uploads\/2025\/09\/Bertsch-Lehrlingskampagne-Technischer-Zeichner-251-200x300.jpg 200w, https:\/\/neu.lehre.bertsch.at\/wp-content\/uploads\/2025\/09\/Bertsch-Lehrlingskampagne-Technischer-Zeichner-251-683x1024.jpg 683w, https:\/\/neu.lehre.bertsch.at\/wp-content\/uploads\/2025\/09\/Bertsch-Lehrlingskampagne-Technischer-Zeichner-251-768x1152.jpg 768w, https:\/\/neu.lehre.bertsch.at\/wp-content\/uploads\/2025\/09\/Bertsch-Lehrlingskampagne-Technischer-Zeichner-251-1024x1536.jpg 1024w, https:\/\/neu.lehre.bertsch.at\/wp-content\/uploads\/2025\/09\/Bertsch-Lehrlingskampagne-Technischer-Zeichner-251-1365x2048.jpg 1365w\" sizes=\"(max-width: 1440px) 100vw, 1440px\" \/><\/figure>\n<\/div>\n\n\n<div style=\"height:30px\" aria-hidden=\"true\" class=\"wp-block-spacer\"><\/div>\n\n\n\n<h3 class=\"wp-block-heading has-text-align-center has-neve-text-color-color has-text-color\">Max Schw\u00e4rzler<\/h3>\n\n\n\n<p class=\"has-text-align-center has-neve-text-color-color has-text-color\">Lehrlingsausbilder<\/p>\n\n\n\n<div class=\"wp-block-buttons is-content-justification-center is-layout-flex wp-container-core-buttons-is-layout-16018d1d wp-block-buttons-is-layout-flex\">\n<div class=\"wp-block-button is-style-primary\"><a class=\"wp-block-button__link wp-element-button\" href=\"mailto:lehre@bertsch.at\">Email an Max<\/a><\/div>\n<\/div>\n<\/div>\n<\/div>\n<\/div><\/div>\n\n\n\n<p><\/p>\n\n\n\n<div style=\"height:0px\" aria-hidden=\"true\" class=\"wp-block-spacer\"><\/div>\n<\/div><\/div>\n","protected":false},"excerpt":{"rendered":"<p>SKILLS &amp; KARRIERE Damit der Einstieg in die Technik gelingt. Diese Skills bringen dich als Konstrukteur:in weiter.Keine Sorge, du musst nicht schon vor Beginn der Lehre alles perfekt k\u00f6nnen. Aber wenn das hier zu dir passt, bist du bei uns genau richtig \ud83e\udde0R\u00e4umliches Vorstellungsverm\u00f6gen Also die F\u00e4higkeit, dir Dinge im Kopf dreidimensional vorzustellen. Zum Beispiel:&hellip;&nbsp;<a href=\"https:\/\/neu.lehre.bertsch.at\/?page_id=373\" rel=\"bookmark\">Weiterlesen &raquo;<span class=\"screen-reader-text\">Skills &#038; Karriere<\/span><\/a><\/p>\n","protected":false},"author":1,"featured_media":0,"parent":0,"menu_order":0,"comment_status":"closed","ping_status":"closed","template":"","meta":{"neve_meta_sidebar":"","neve_meta_container":"","neve_meta_enable_content_width":"","neve_meta_content_width":0,"neve_meta_title_alignment":"","neve_meta_author_avatar":"","neve_post_elements_order":"","neve_meta_disable_header":"","neve_meta_disable_footer":"","neve_meta_disable_title":"on","footnotes":""},"class_list":["post-373","page","type-page","status-publish","hentry"],"_links":{"self":[{"href":"https:\/\/neu.lehre.bertsch.at\/index.php?rest_route=\/wp\/v2\/pages\/373","targetHints":{"allow":["GET"]}}],"collection":[{"href":"https:\/\/neu.lehre.bertsch.at\/index.php?rest_route=\/wp\/v2\/pages"}],"about":[{"href":"https:\/\/neu.lehre.bertsch.at\/index.php?rest_route=\/wp\/v2\/types\/page"}],"author":[{"embeddable":true,"href":"https:\/\/neu.lehre.bertsch.at\/index.php?rest_route=\/wp\/v2\/users\/1"}],"replies":[{"embeddable":true,"href":"https:\/\/neu.lehre.bertsch.at\/index.php?rest_route=%2Fwp%2Fv2%2Fcomments&post=373"}],"version-history":[{"count":39,"href":"https:\/\/neu.lehre.bertsch.at\/index.php?rest_route=\/wp\/v2\/pages\/373\/revisions"}],"predecessor-version":[{"id":665,"href":"https:\/\/neu.lehre.bertsch.at\/index.php?rest_route=\/wp\/v2\/pages\/373\/revisions\/665"}],"wp:attachment":[{"href":"https:\/\/neu.lehre.bertsch.at\/index.php?rest_route=%2Fwp%2Fv2%2Fmedia&parent=373"}],"curies":[{"name":"wp","href":"https:\/\/api.w.org\/{rel}","templated":true}]}}